{"id":281,"date":"2023-08-29T14:52:21","date_gmt":"2023-08-29T12:52:21","guid":{"rendered":"https:\/\/spotiplays.fr\/?post_type=product&#038;p=281"},"modified":"2024-06-25T09:52:54","modified_gmt":"2024-06-25T07:52:54","slug":"usine-streaming","status":"publish","type":"product","link":"https:\/\/spotiplays.fr\/index.php\/produit\/usine-streaming\/","title":{"rendered":"Usine Streaming"},"content":{"rendered":"<p>Streaming Factory d\u00e9di\u00e9e \u00e0 votre catalogue.<br \/>\nDSP : Spotify, Deezer, Apple Music, Tidal, Napster, Youtube Music<\/p>\n","protected":false},"excerpt":{"rendered":"<p>Streaming Factory d\u00e9di\u00e9e \u00e0 votre catalogue.<\/p>\n","protected":false},"featured_media":290,"comment_status":"open","ping_status":"closed","template":"","meta":{"_monsterinsights_skip_tracking":false,"_monsterinsights_sitenote_active":false,"_monsterinsights_sitenote_note":"","_monsterinsights_sitenote_category":0},"product_cat":[23],"product_tag":[],"class_list":{"0":"post-281","1":"product","2":"type-product","3":"status-publish","4":"has-post-thumbnail","6":"product_cat-streaming","8":"first","9":"instock","10":"shipping-taxable","11":"purchasable","12":"product-type-variable"},"yoast_head":"<!-- This site is optimized with the Yoast SEO plugin v22.9 - https:\/\/yoast.com\/wordpress\/plugins\/seo\/ -->\n<title>Usine Streaming - Spotiplays<\/title>\n<meta name=\"robots\" content=\"index, follow, max-snippet:-1, max-image-preview:large, max-video-preview:-1\" \/>\n<link rel=\"canonical\" href=\"https:\/\/spotiplays.fr\/index.php\/produit\/usine-streaming\/\" \/>\n<meta property=\"og:locale\" content=\"fr_FR\" \/>\n<meta property=\"og:type\" content=\"article\" \/>\n<meta property=\"og:title\" content=\"Usine Streaming - Spotiplays\" \/>\n<meta property=\"og:description\" content=\"Streaming Factory d\u00e9di\u00e9e \u00e0 votre catalogue.\" \/>\n<meta property=\"og:url\" content=\"https:\/\/spotiplays.fr\/index.php\/produit\/usine-streaming\/\" \/>\n<meta property=\"og:site_name\" content=\"Spotiplays\" \/>\n<meta property=\"article:modified_time\" content=\"2024-06-25T07:52:54+00:00\" \/>\n<meta property=\"og:image\" content=\"https:\/\/spotiplays.fr\/wp-content\/uploads\/2023\/08\/streamingfarm.jpg\" \/>\n\t<meta property=\"og:image:width\" content=\"820\" \/>\n\t<meta property=\"og:image:height\" content=\"430\" \/>\n\t<meta property=\"og:image:type\" content=\"image\/jpeg\" \/>\n<meta name=\"twitter:card\" content=\"summary_large_image\" \/>\n<meta name=\"twitter:label1\" content=\"Dur\u00e9e de lecture estim\u00e9e\" \/>\n\t<meta name=\"twitter:data1\" content=\"1 minute\" \/>\n<script type=\"application\/ld+json\" class=\"yoast-schema-graph\">{\"@context\":\"https:\/\/schema.org\",\"@graph\":[{\"@type\":\"WebPage\",\"@id\":\"https:\/\/spotiplays.fr\/index.php\/produit\/usine-streaming\/\",\"url\":\"https:\/\/spotiplays.fr\/index.php\/produit\/usine-streaming\/\",\"name\":\"Usine Streaming - Spotiplays\",\"isPartOf\":{\"@id\":\"https:\/\/spotiplays.fr\/#website\"},\"primaryImageOfPage\":{\"@id\":\"https:\/\/spotiplays.fr\/index.php\/produit\/usine-streaming\/#primaryimage\"},\"image\":{\"@id\":\"https:\/\/spotiplays.fr\/index.php\/produit\/usine-streaming\/#primaryimage\"},\"thumbnailUrl\":\"https:\/\/spotiplays.fr\/wp-content\/uploads\/2023\/08\/streamingfarm.jpg\",\"datePublished\":\"2023-08-29T12:52:21+00:00\",\"dateModified\":\"2024-06-25T07:52:54+00:00\",\"breadcrumb\":{\"@id\":\"https:\/\/spotiplays.fr\/index.php\/produit\/usine-streaming\/#breadcrumb\"},\"inLanguage\":\"fr-FR\",\"potentialAction\":[{\"@type\":\"ReadAction\",\"target\":[\"https:\/\/spotiplays.fr\/index.php\/produit\/usine-streaming\/\"]}]},{\"@type\":\"ImageObject\",\"inLanguage\":\"fr-FR\",\"@id\":\"https:\/\/spotiplays.fr\/index.php\/produit\/usine-streaming\/#primaryimage\",\"url\":\"https:\/\/spotiplays.fr\/wp-content\/uploads\/2023\/08\/streamingfarm.jpg\",\"contentUrl\":\"https:\/\/spotiplays.fr\/wp-content\/uploads\/2023\/08\/streamingfarm.jpg\",\"width\":820,\"height\":430},{\"@type\":\"BreadcrumbList\",\"@id\":\"https:\/\/spotiplays.fr\/index.php\/produit\/usine-streaming\/#breadcrumb\",\"itemListElement\":[{\"@type\":\"ListItem\",\"position\":1,\"name\":\"Accueil\",\"item\":\"https:\/\/spotiplays.fr\/\"},{\"@type\":\"ListItem\",\"position\":2,\"name\":\"Boutique\",\"item\":\"https:\/\/spotiplays.fr\/\"},{\"@type\":\"ListItem\",\"position\":3,\"name\":\"Usine Streaming\"}]},{\"@type\":\"WebSite\",\"@id\":\"https:\/\/spotiplays.fr\/#website\",\"url\":\"https:\/\/spotiplays.fr\/\",\"name\":\"Spotiplays\",\"description\":\"Spotiplays\",\"potentialAction\":[{\"@type\":\"SearchAction\",\"target\":{\"@type\":\"EntryPoint\",\"urlTemplate\":\"https:\/\/spotiplays.fr\/?s={search_term_string}\"},\"query-input\":\"required name=search_term_string\"}],\"inLanguage\":\"fr-FR\"}]}<\/script>\n<!-- \/ Yoast SEO plugin. -->","yoast_head_json":{"title":"Usine Streaming - Spotiplays","robots":{"index":"index","follow":"follow","max-snippet":"max-snippet:-1","max-image-preview":"max-image-preview:large","max-video-preview":"max-video-preview:-1"},"canonical":"https:\/\/spotiplays.fr\/index.php\/produit\/usine-streaming\/","og_locale":"fr_FR","og_type":"article","og_title":"Usine Streaming - Spotiplays","og_description":"Streaming Factory d\u00e9di\u00e9e \u00e0 votre catalogue.","og_url":"https:\/\/spotiplays.fr\/index.php\/produit\/usine-streaming\/","og_site_name":"Spotiplays","article_modified_time":"2024-06-25T07:52:54+00:00","og_image":[{"width":820,"height":430,"url":"https:\/\/spotiplays.fr\/wp-content\/uploads\/2023\/08\/streamingfarm.jpg","type":"image\/jpeg"}],"twitter_card":"summary_large_image","twitter_misc":{"Dur\u00e9e de lecture estim\u00e9e":"1 minute"},"schema":{"@context":"https:\/\/schema.org","@graph":[{"@type":"WebPage","@id":"https:\/\/spotiplays.fr\/index.php\/produit\/usine-streaming\/","url":"https:\/\/spotiplays.fr\/index.php\/produit\/usine-streaming\/","name":"Usine Streaming - Spotiplays","isPartOf":{"@id":"https:\/\/spotiplays.fr\/#website"},"primaryImageOfPage":{"@id":"https:\/\/spotiplays.fr\/index.php\/produit\/usine-streaming\/#primaryimage"},"image":{"@id":"https:\/\/spotiplays.fr\/index.php\/produit\/usine-streaming\/#primaryimage"},"thumbnailUrl":"https:\/\/spotiplays.fr\/wp-content\/uploads\/2023\/08\/streamingfarm.jpg","datePublished":"2023-08-29T12:52:21+00:00","dateModified":"2024-06-25T07:52:54+00:00","breadcrumb":{"@id":"https:\/\/spotiplays.fr\/index.php\/produit\/usine-streaming\/#breadcrumb"},"inLanguage":"fr-FR","potentialAction":[{"@type":"ReadAction","target":["https:\/\/spotiplays.fr\/index.php\/produit\/usine-streaming\/"]}]},{"@type":"ImageObject","inLanguage":"fr-FR","@id":"https:\/\/spotiplays.fr\/index.php\/produit\/usine-streaming\/#primaryimage","url":"https:\/\/spotiplays.fr\/wp-content\/uploads\/2023\/08\/streamingfarm.jpg","contentUrl":"https:\/\/spotiplays.fr\/wp-content\/uploads\/2023\/08\/streamingfarm.jpg","width":820,"height":430},{"@type":"BreadcrumbList","@id":"https:\/\/spotiplays.fr\/index.php\/produit\/usine-streaming\/#breadcrumb","itemListElement":[{"@type":"ListItem","position":1,"name":"Accueil","item":"https:\/\/spotiplays.fr\/"},{"@type":"ListItem","position":2,"name":"Boutique","item":"https:\/\/spotiplays.fr\/"},{"@type":"ListItem","position":3,"name":"Usine Streaming"}]},{"@type":"WebSite","@id":"https:\/\/spotiplays.fr\/#website","url":"https:\/\/spotiplays.fr\/","name":"Spotiplays","description":"Spotiplays","potentialAction":[{"@type":"SearchAction","target":{"@type":"EntryPoint","urlTemplate":"https:\/\/spotiplays.fr\/?s={search_term_string}"},"query-input":"required name=search_term_string"}],"inLanguage":"fr-FR"}]}},"_links":{"self":[{"href":"https:\/\/spotiplays.fr\/index.php\/wp-json\/wp\/v2\/product\/281"}],"collection":[{"href":"https:\/\/spotiplays.fr\/index.php\/wp-json\/wp\/v2\/product"}],"about":[{"href":"https:\/\/spotiplays.fr\/index.php\/wp-json\/wp\/v2\/types\/product"}],"replies":[{"embeddable":true,"href":"https:\/\/spotiplays.fr\/index.php\/wp-json\/wp\/v2\/comments?post=281"}],"wp:featuredmedia":[{"embeddable":true,"href":"https:\/\/spotiplays.fr\/index.php\/wp-json\/wp\/v2\/media\/290"}],"wp:attachment":[{"href":"https:\/\/spotiplays.fr\/index.php\/wp-json\/wp\/v2\/media?parent=281"}],"wp:term":[{"taxonomy":"product_cat","embeddable":true,"href":"https:\/\/spotiplays.fr\/index.php\/wp-json\/wp\/v2\/product_cat?post=281"},{"taxonomy":"product_tag","embeddable":true,"href":"https:\/\/spotiplays.fr\/index.php\/wp-json\/wp\/v2\/product_tag?post=281"}],"curies":[{"name":"wp","href":"https:\/\/api.w.org\/{rel}","templated":true}]}}